)/6 a prime number?
False
Suppose 14*f - 49 = -189. Is 35496/12 + f/(-2) prime?
True
Let i(z) = -2*z**2 + 19*z + 103. Let g be i(13). Let p be (-9443)/(-5) + 4/10. Suppose -13*m + p = -g*m. Is m composite?
False
Let a = -16012 - -176871. Is a composite?
True
Is (-433286)/(-6) + (77/(-7))/33 composite?
True
Let l(q) = 93 + 11*q**3 - 15*q - 65 + 6*q**2 + q**3. Is l(13) a prime number?
True
Suppose 22*d - 2251749 = 6584441. Is d a prime number?
False
Let p(r) = 199*r**2 - 24*r + 135. Is p(4) prime?
False
Let s be (-8160)/360 - 2/(-3). Let b(a) = a**3 + 28*a**2 + 85*a - 49. Is b(s) composite?
True
Let z = 1396 + 499. Let a = -1970 + 1274. Let q = z + a. Is q a composite number?
True
Let x be (8/(-16))/(1/(-46)). Let f = -18 + x. Suppose -613 = -5*l + 4*u - f*u, 0 = -5*u - 10. Is l a prime number?
False
Let h(n) = 1578*n**2 - 207*n - 5. Is h(-8) a composite number?
False
Let x(n) = -639*n - 82. Let a be x(10). Let k = -2609 - a. Is k a composite number?
False
Suppose 7*k = 4*k + 231. Let z be -1*150*k/(-22). Let v = 760 - z. Is v a prime number?
False
Suppose 3*v + 8 + 10 = 0. Let g be (-69)/v + ((-3)/(-6) - 1). Is 46*g - (-8)/(40/(-15)) a composite number?
False
Let h be ((-15)/12)/(-7 + 111/16). Suppose -5*p = -h*p + 57930. Is p composite?
True
Let a(y) = -y**3 - 2*y**2 - 5. Let j be a(0). Let z be (j - 1)/((-3)/2). Suppose z*w = -3*w + 2779. Is w composite?
False
Let l = 598075 - 152384. Is l prime?
True
Let t(b) = -59*b**3 - 2*b**2 - 16*b - 9. Let s = -67 + 63. Is t(s) a prime number?
False
Let p(i) = 22*i - 8. Let m be p(1). Suppose -4*c = -m*u + 9*u - 4171, c + 5*u - 1024 = 0. Is c prime?
True
Suppose -51886268 = -284*r + 796016. Is r a prime number?
False
Suppose -9632*f = -9656*f + 11783112. Is f a composite number?
True
Let r be -5 + (12*-11)/(-3). Suppose -1164 = -45*h + r*h. Is h a prime number?
False
Let g be -10 - (-7)/((-14)/(-8)). Let b be g/(-9) + (-19)/(-3). Suppose 9*w = b*w + 130. Is w a prime number?
False
Let u = -4944 - -8845. Is u a composite number?
True
Suppose 4*i + 53*k - 54*k - 1205042 = 0, -5*k = -2*i + 602548. Is i prime?
False
Let q = -42683 - -108262. Is q a composite number?
False
Let d(h) = -61*h**2 - 15*h - 3. Let q be d(7). Let j = q + 4928. Is j composite?
False
Let n(q) = 90*q**3 - 2*q**2 - q - 1. Let t be n(2). Let m = t + -490. Suppose 0 = -2*k + m + 199. Is k a composite number?
True
Let s(p) be the second derivative of p**5/20 + 2*p**4/3 + p**3/6 + p**2/2 + 20*p. Is s(14) a prime number?
True
Is 2 + 0 + 4612281 + (-216)/(-27) + -14 prime?
True
Let k(p) = 94*p**2 - 7*p + 31. Is k(40) a prime number?
True
Suppose 10*x - 9*x - 16 = 0. Suppose t + 0*t - 2 = -2*i, 0 = 4*i + x. Let r(o) = 8*o**2 + 4*o + 13. Is r(t) a composite number?
False
Let v = 2887 - -4792. Is v a prime number?
False
Let r = 62 - 55. Suppose 0 = 4*p + 8, r*q = 3*q - 3*p + 590. Is q composite?
False
Let n be (-2)/(-4)*0/(2 - 6). Suppose 3*u - 3613 = -k - n*u, 3*u + 3 = 0. Let s = -2119 + k. Is s composite?
True
Suppose -408777 = -9*v + 590482 + 7760882. Is v composite?
True
Let c be -8*(99/(-12) - -3). Let i be 55/(-22) - (6/4)/(-3). Is i*3545/(-12) + c/252 prime?
False
Let v = 626369 + -234036. Is v prime?
True
Suppose -69*q = 257*q - 12976740 - 26514574. Is q a prime number?
True
Let y = 11431 - 5829. Is y prime?
False
Let i(t) = 143*t**3 - 7*t**2 + 10*t - 553. Is i(15) a prime number?
True
Is (3945/(-9))/(600/(-429480)) a prime number?
False
Let w = -21 - -23. Suppose f = 2*z + 149, -w*f = -7*f - 2*z + 781. Is f a prime number?
False
Let f be 2 - (2283/3 - 0). Let k = f - -1731. Let o = k + -503. Is o composite?
True
Suppose 4*o - 393249 = -c, 491591 = 46*o - 41*o - 3*c. Is o a prime number?
False
Let i(a) = 26*a + 5. Let u = -19 + 26. Let r(n) = 13*n + 3. Let d(x) = u*r(x) - 4*i(x). Is d(-6) composite?
False
Suppose 0*k - k + 3 = 0. Suppose -2*y + 2*a + 12 = 0, 4*y - k = 5*y - 4*a. Suppose 10*p - 51 = y*p. Is p composite?
True
Let m be ((-42)/(-49))/((-8)/(-28)). Suppose 3*n - 4*f = -3*f + 12509, -5*n + m*f = -20843. Is n prime?
False
Let o(d) = 46577*d - 476. Is o(5) composite?
False
Let c = 9 - 22. Let y(a) = 30*a**2 + 4*a + 2. Let d(z) = -15*z**2 - 2*z - 1. Let o(f) = c*d(f) - 6*y(f). Is o(2) composite?
True
Let h = 165 + -173. Is (h/1)/2 + (30 - -285) a prime number?
True
Let d be 26/169 - 193/(-13). Suppose -5*a - d = -45. Is (-223)/(3*((-14)/a - -2)) composite?
False
Suppose i + 4*i = 148355. Suppose -3*h + 14825 = 2*g, -5*g + g = -h - i. Is g a prime number?
True
Let z = -3237 - -3231. Let p(k) = 281*k - 10. Let n(t) = -282*t + 11. Let q(v) = 3*n(v) + 2*p(v). Is q(z) a composite number?
True
Let y be 1 - (1 - (3 + 1)). Suppose y*i + 5*c - 84 = 0, -3*c + c + 40 = 2*i. Suppose i = 7*d - 2035. Is d prime?
True
Suppose 0 = 2*d - l + 6*l + 14, -3*d + l = -13. Let v be 28/d - (4 - (-77)/(-21)). Suppose v = 2*w - 21. Is w a composite number?
True
Suppose -19 + 10 = -3*o. Suppose -o*z = 2*d + 3139, 2*z - 4737 = 3*d - 3*z. Let h = 2653 + d. Is h prime?
False
Let l(u) = 160*u**2 + 29*u + 256. Suppose 3*d = 3*x + 36, 43 = -5*x + d - 5. Is l(x) prime?
False
Let i(s) = 2296*s**2 - 11*s + 12. Let y be i(2). Suppose -35*u + y = -264421. Is u a composite number?
False
Let f = -69 + 63. Is (1 + -12)/((-1)/f*-3) a prime number?
False
Suppose -49 = 34*l - 41*l. Let v(p) = 89*p + 6. Is v(l) prime?
False
Let u(a) = -87*a**3 + 5*a**2 + 8*a + 1. Let s(p) = 87*p**3 - 4*p**2 - 7*p. Let t(d) = 6*s(d) + 5*u(d). Let j = -2 + 4. Is t(j) a prime number?
True
Suppose 22*a - 2184336 = -15*a + 7630913. Is a a composite number?
False
Suppose -38*o + 634766 = -16*o. Let y = 51284 - o. Is y prime?
False
Suppose -11*n = -4*n - 196. Let h = 253 - -101. Is (-8)/n - h/(-14) a composite number?
True
Suppose j - 20*h = -16*h + 197737, 3*h - 395518 = -2*j. Is j prime?
True
Suppose n + 78 = -24. Let x = -100 - n. Is 9*3*66/x + -2 prime?
False
Is -14 - -85826*6/12 composite?
False
Let o = 82129 - -54990. Is o composite?
False
Let i(s) = -s**2 + 3*s + 12. Let m be i(5). Let c be (16/12)/(m/(-24)). Let a = 30 - c. Is a prime?
False
Let a(l) = 2*l**2 + l - 1. Let m(s) = 349*s**2 - 15*s - 65. Let i(z) = -4*a(z) + m(z). Is i(-9) prime?
False
Let i(x) = -52*x**3 + x + 25*x**3 + 26*x**3 + 5*x**2. Let r be i(5). Suppose -r*p = 2*l - 1524, -846 - 1431 = -3*l - 3*p. Is l composite?
False
Let q = -160 + 160. Suppose q = 29*f - 22*f - 679. Is f a composite number?
False
Let k = -2 + 5. Suppose 0 = 3*i - 12, 4*w - 54 + 10 = -5*i. Suppose 4*u = -8, k*x - w*u = -u + 3667. Is x a composite number?
True
Let j(r) = -62674*r - 413. Is j(-1) a composite number?
True
Let w(i) = -166163*i + 960. Is w(-2) prime?
False
Is (-130416)/(-10) - (126/45)/(-7) composite?
True
Let v = 808793 + -385956. Is v a composite number?
True
Suppose -2*u + 140 = 5*m, -3*m + u = -7*m + 112. Let l = m + -23. Suppose l*q - 4*w + 6*w - 1867 = 0, q - 376 = -3*w. Is q prime?
True
Let m(z) = -175*z**3 - 4*z + 5. Let d be m(-3). Let n = 1107 + d. Is n composite?
False
Suppose 2*v + 6 = 0, 3*g = v - 3*v + 40857. Is g a prime number?
False
Let p(u) = -u**3 + 29*u**2 - 9*u - 200. Is p(23) prime?
True
Let l(o) = -o**2 + 48*o - 34. Let v = -123 - -259. Let h = v - 111. Is l(h) composite?
False
Let d = -2790 + 5601. Let p = 1376 - 561. Suppose p = -4*t + d. Is t a prime number?
True
Is (1 - 0) + -1 + 294537*13/39 a prime number?
True
Let b = 5945 - 8355. Let l = 11182 + b. Suppose -4*d = -1040 - l. Is d a composite number?
True
Let g(s) = -7*s**2 + 59*s - 131*s + 17 + 57*s. Let i be g(9). Let l = i - -1727. Is l a composite number?
True
Let r(z) = -372431*z - 1933. Is r(-6) a prime number?
True
Suppose -5*c + 6*c = -2. Let l be (-17 - -5)*(1*-11 + c). Suppose 4421 - l = 5*a. Is a a prime number?
True
Let l(r) = -121*r + 33. Let t be l(-5). Suppose -f - 1908 = -3*k, -k + 2*f = f - t. Is k a prime number?
False
Let x(j) = 7*j**2 - 15*j - 14. Let w(q) = -2*q - 3*q**2 + 3*q + 7 + 5*q + q. Let i(b) = 9*w(b) + 4*x(b). Is i(-15) a prime number?
False
Let g(o) = 15*o**3 - 9*o**2 - 46*o**3 + 20*o**3 + 13*o**3 + 14. Is g(7) prime?
False
Let d = 3300 + -218. Suppose 4*t - d = -30. Suppose 4*z = -v + t, 0 = -5*z + z. Is v a prime number?
False
Let h be 61/(3/(-206)*1/(-3)). Let b = -8457 + h. Is b composite?
True
Let h = -127 - -135. Is 